atest common factor of 3 and s.
3
Suppose -3 - 2 = -3*r + m, 2*r - 7 = -3*m. Let y(o) = 2*o**2 + 2*o. Let j be y(-5). Suppose r*s - 72 = j. What is the greatest common divisor of s and 14?
14
Suppose 5*a - 127 + 17 = -5*r, 3*r = -a + 74. Calculate the highest common factor of 26 and r.
26
Let k(m) be the first derivative of 2*m + 2/3*m**3 + 1/2*m**2 + 3. Let h be k(2). Calculate the highest common divisor of h and 84.
12
Let r = 24 - 15. Calculate the greatest common divisor of 18 and r.
9
Let t(z) = z**3 - z**2 - 5*z + 4. Let g be t(4). Suppose -4*i + 2*h + 28 = -i, 2*i - 24 = 4*h. Calculate the greatest common factor of g and i.
8
Let n(x) = -x**3 + 16*x**2 - 13*x - 21. Let w be n(15). Let s be 147/9 - 3/w. What is the greatest common divisor of 16 and s?
16
Suppose x - 3*j = j - 21, -4*j + 20 = 0. Let f(p) = 36*p**2. Let y be f(x). Calculate the greatest common factor of 4 and y.
4
Suppose 5*s - 2*s = 9. Let k = s - 0. Suppose -4*o + 48 = -i - 1, -5*o + 3*i + 63 = 0. Calculate the highest common divisor of k and o.
3
Suppose -u + 4*i = -5, 5*u - 43 = -0*i + 2*i. Let l be (6/u)/((-2)/(-9)). Calculate the greatest common factor of l and 27.
3
Let i = 33 - 57. Let y = i - -178. What is the highest common divisor of y and 14?
14
Let f = 13 + 2. Let o = f - -15. What is the highest common divisor of 75 and o?
15
Let q(o) = -2*o + 3. Let r be q(-7). What is the highest common factor of 17 and r?
17
Suppose -346 = -5*t + 459. What is the highest common divisor of 23 and t?
23
Suppose -41*p = -43*p + 62. What is the highest common divisor of 62 and p?
31
Let k = 24 - 13. Let z be k - (1 - 1) - 2. Calculate the highest common factor of 45 and z.
9
Let b = 3 + 0. Suppose 2*y = b*y. Let w be y/(-2) + (17 - 7). What is the highest common factor of 2 and w?
2
Let m(l) = -2*l - 13. Let p be m(-10). What is the greatest common divisor of 28 and p?
7
Let a = 370 + -250. Suppose 0 = -m - 0*m + a. What is the greatest common factor of 15 and m?
15
Let i be (-1)/(-6 - 295/(-50)). Calculate the highest common divisor of i and 10.
10
Suppose p - 4 = -0*c - 5*c, 3*p - 12 = -5*c. Let t be 2/(p/(-5) - -1). Suppose -14*m = -10*m - 440. What is the highest common divisor of m and t?
10
Let b = 55 + -33. Suppose b = 2*t - 2. Let g = t + 8. What is the greatest common factor of g and 5?
5
Let u(k) = 3*k**2 + 3*k + 4. Let l be u(-3). What is the greatest common factor of 242 and l?
22
Suppose 43 = f + m, 3*f + m - 124 = -3*m. Let k = f + -26. What is the highest common divisor of k and 11?
11
Let s = 24 + -6. Calculate the greatest common divisor of s and 198.
18
Suppose 3*m + 0*m = 0. Suppose m = -3*t + 6*t - 117. What is the greatest common divisor of 13 and t?
13
Let l(c) = 68*c + 8. Let v be l(1). What is the highest common factor of 19 and v?
19
Suppose -5*r = -0*r + 10. Let n be ((-27)/2)/(r/4). Let i be (-2)/(-3) - 56/(-24). What is the highest common factor of n and i?
3
Let r be 111/74*(-1 + 91/3). Let w be (-2)/(-5) + 108/5. Calculate the greatest common divisor of r and w.
22
Let o(s) = -s**2 - s + 15. Let z be o(0). Suppose -340 + 40 = -5*j. What is the greatest common divisor of j and z?
15
Let c(k) = -4*k - 17. Let a be c(-7). Calculate the greatest common factor of 11 and a.
11
Let t(z) = -3*z - 6. Suppose 0 = 2*w + v + 16, 0 = -w + 2*v + 3*v - 8. Let d be t(w). Let i = 48 - d. Calculate the highest common factor of i and 6.
6
Suppose 0*t - 49 = 4*w - 3*t, 36 = -3*w + 3*t. Let y be (3 + -2)*1 - w. What is the greatest common divisor of 14 and y?
14
Let n = 28 - 20. Let z = 71 + -55. What is the highest common divisor of z and n?
8
Let j = 4 - 3. Let m be (j/2)/(2/8). What is the highest common divisor of m and 4?
2
Suppose -12 = 4*x, 7*w = 2*w + 2*x + 96. What is the highest common divisor of w and 72?
18
Let n = -17 + 18. Let m be 0 + 35 + 0 - n. Calculate the greatest common factor of 85 and m.
17
Suppose 212 = -4*q + 3*f, 4*q + q - 3*f = -268. Let p = q - -78. Suppose -8*u - 22 = -10*u. Calculate the highest common factor of p and u.
11
Let v = 1 - -1. Calculate the greatest common divisor of 5 and v.
1
Let k(o) = -5*o - 7. Let a be k(-4). Suppose -a = -4*b + 59. Let r = -42 - -132. Calculate the highest common factor of b and r.
18
Suppose 2*n - 1989 = -3*b, 5*n + 1989 = -0*b + 3*b. Let x be b/(-6) + (-3)/(-6). Let y be (x/8)/((-7)/28). Calculate the greatest common divisor of y and 22.
11
Let t(y) = -73*y**3 - 2*y**2 - y. Let i be t(-1). Suppose 8*z - 99 = -3*z. What is the highest common divisor of i and z?
9
Let l be (-94)/(-4) + 1/2. Let n = -98 + 44. Let d be 40/15*n/(-4). Calculate the greatest common divisor of d and l.
12
Let a be (-44)/(-12)*(81/3)/3. Let o = 40 - 29. Calculate the greatest common divisor of o and a.
11
Let r(t) = 6*t - 33. Let w be r(9). What is the highest common factor of 189 and w?
21
Let z be -1 - -1 - 0 - -56. Let g be 3 - 0*(-1)/(-3). Suppose g*j - 16 + 1 = -2*t, -5*t = 3*j - 6. What is the highest common factor of z and j?
7
Let h = 108 + -72. Suppose -180 + h = -3*z. Calculate the greatest common divisor of z and 16.
16
Suppose -n - 3*g - 18 = -7, -n = 4*g + 14. Let r be n/(-6) + 483/9. What is the greatest common factor of r and 6?
6
Suppose 3*z + 4*s = 17, -2*z + 4*s + 17 = s. Let j = z + 20. Calculate the greatest common divisor of 18 and j.
9
Suppose 3*u - 4*k - 9 = 0, 0*u + 4*u - 12 = -5*k. What is the highest common factor of u and 39?
3
Suppose 0 = -3*d + 2*z + 12, 16 = 4*d - 3*z - 0*z. Suppose -d*a + 0*a = -40. What is the highest common factor of a and 20?
10
Let a(z) = -19*z**3 + 1. Let w be a(1). Let c be (-1)/(-3) - 282/w. Calculate the greatest common divisor of 24 and c.
8
Suppose -10*p = -p - 54. Let u be 3 - -1*1*-1. Calculate the greatest common factor of p and u.
2
Let f = -4 + 4. Suppose f = -2*d, r - 3*d + 2*d + 1 = 0. Let j be (-2 - r) + 13*1. What is the greatest common factor of 12 and j?
12
Suppose -2*n = j - 87, 75 = 2*n - 2*j - j. Calculate the highest common divisor of n and 14.
14
Let b = 17 + -4. Let p(o) = 3*o**2 - 3*o + 3. Let y be p(4). What is the highest common factor of b and y?
13
Let z = 56 + -8. Suppose z = -0*b + 4*b. What is the greatest common factor of b and 30?
6
Suppose 11 = 6*g - 43. Calculate the highest common factor of 81 and g.
9
Suppose -2*c + 12 = c. Suppose 3*d - 19 = 2*t, t + 3*t + 3 = -d. Suppose c*z = d*z - 14. What is the highest common factor of 126 and z?
14
Let s be (-9)/6*10/(-3). Let r be 178/s - 8/(-20). Calculate the highest common divisor of r and 54.
18
Suppose -616 = -5*a + a. Let o = 52 - 35. Let f = 31 - o. What is the greatest common divisor of f and a?
14
Let v(c) = -3*c**3 - 2*c**2 + 5*c + 4. Let w be v(-4). Let t be w/(-3)*9/(-12). Calculate the greatest common factor of 54 and t.
18
Let u = 10 + -16. Let p be ((-37)/2)/(u/12). Let l = p - 22. Calculate the highest common factor of 135 and l.
15
Suppose -5*d = -24 - 66. What is the highest common divisor of 72 and d?
18
Let r(p) = -p**3 + 5*p**2 + 13*p + 9. Let c be r(7). Calculate the highest common divisor of 3 and c.
1
Let c be (2/(-4))/(7/(-14)). Suppose -c = -f + 20. What is the greatest common factor of f and 63?
21
Let s(q) = -q**3. Let h be s(-1). Let t be (h + 2)/3 - -11. Suppose 0 = -5*u - 142 + 382. What is the greatest common factor of u and t?
12
Suppose 4*u - 32 = -0*u. Let a = 4 + -2. Calculate the highest common factor of u and a.
2
Let v be (7/(-4))/((-1)/4). What is the greatest common divisor of v and 77?
7
Suppose 0 = -5*h - 91 + 11. Let z = h - -28. Let y be ((-1)/(-3))/((-2)/(-18)). What is the highest common divisor of z and y?
3
Let u(o) = o**3 - 6*o**2 + 8*o - 5. Let r be u(5). Suppose -q - 4*q = -r. Let v = 16 - 8. Calculate the greatest common factor of v and q.
2
Let s be (-160)/(-56)*(-7)/(-2). Calculate the greatest common divisor of s and 100.
10
Let z be ((-15)/(-25))/((-2)/(-20)) - 3. Calculate the greatest common divisor of z and 36.
3
Let o = -104 + 188. Suppose 2*v = -2*v + 84. Calculate the highest common divisor of o and v.
21
Suppose -2*t + t = -45. Suppose 0*a - 3*a - 3*g = -t, 4*a - g - 75 = 0. What is the greatest common divisor of 27 and a?
9
Let u(v) be the first derivative of v**3/3 - 3*v**2 - 3*v - 1. Let d be u(6). Let i be 0 - -1 - (-2 + d). W